he remainder when 5719 is divided by 676.
311
What is the remainder when 2637 is divided by 325?
37
Calculate the remainder when 2718 is divided by 523.
103
Calculate the remainder when 7825 is divided by 1565.
0
What is the remainder when 24350 is divided by 4048?
62
Calculate the remainder when 15927 is divided by 407.
54
What is the remainder when 17696 is divided by 236?
232
Calculate the remainder when 90694 is divided by 341.
329
What is the remainder when 221238 is divided by 39?
30
Calculate the remainder when 7475 is divided by 21.
20
What is the remainder when 12189 is divided by 770?
639
What is the remainder when 54218 is divided by 583?
582
Calculate the remainder when 51538 is divided by 1486.
1014
What is the remainder when 5230 is divided by 146?
120
Calculate the remainder when 4177 is divided by 413.
47
Calculate the remainder when 1213675 is divided by 79.
77
Calculate the remainder when 11450 is divided by 76.
50
What is the remainder when 213283 is divided by 106635?
13
What is the remainder when 118944 is divided by 809?
21
What is the remainder when 246603 is divided by 52?
19
What is the remainder when 657282 is divided by 29?
26
Calculate the remainder when 744 is divided by 234.
42
What is the remainder when 29765 is divided by 25?
15
What is the remainder when 747164 is divided by 1086?
1082
Calculate the remainder when 128973 is divided by 392.
5
What is the remainder when 7857 is divided by 619?
429
What is the remainder when 2127 is divided by 516?
63
What is the remainder when 4081 is divided by 1144?
649
What is the remainder when 1160 is divided by 48?
8
What is the remainder when 20464 is divided by 175?
164
What is the remainder when 10600 is divided by 2584?
264
Calculate the remainder when 6760 is divided by 58.
32
Calculate the remainder when 220743 is divided by 17.
15
What is the remainder when 641 is divided by 152?
33
What is the remainder when 231646 is divided by 2662?
52
Calculate the remainder when 217402 is divided by 11.
9
Calculate the remainder when 30446 is divided by 235.
131
What is the remainder when 1496 is divided by 21?
5
Calculate the remainder when 3844 is divided by 3844.
0
What is the remainder when 1159 is divided by 304?
247
What is the remainder when 273822 is divided by 1091?
1072
What is the remainder when 427345 is divided by 927?
925
What is the remainder when 1434 is divided by 101?
20
Calculate the remainder when 34483 is divided by 24.
19
Calculate the remainder when 17544 is divided by 5843.
15
What is the remainder when 19570 is divided by 220?
210
Calculate the remainder when 349 is divided by 77.
41
Calculate the remainder when 70746 is divided by 10101.
39
What is the remainder when 6566 is divided by 1631?
42
Calculate the remainder when 94360 is divided by 27.
22
Calculate the remainder when 1745 is divided by 1726.
19
What is the remainder when 2572 is divided by 150?
22
What is the remainder when 24355 is divided by 47?
9
What is the remainder when 56453 is divided by 97?
96
Calculate the remainder when 109 is divided by 38.
33
What is the remainder when 2148 is divided by 1387?
761
What is the remainder when 6807 is divided by 214?
173
Calculate the remainder when 170555 is divided by 62.
55
What is the remainder when 42635 is divided by 68?
67
Calculate the remainder when 290415 is divided by 285.
0
What is the remainder when 5247 is divided by 367?
109
What is the remainder when 22416 is divided by 11?
9
What is the remainder when 1677 is divided by 689?
299
Calculate the remainder when 1542342 is divided by 21.
18
What is the remainder when 3523 is divided by 76?
27
What is the remainder when 1446 is divided by 264?
126
Calculate the remainder when 22636 is divided by 1886.
4
Calculate the remainder when 137376 is divided by 136.
16
Calculate the remainder when 61149 is divided by 273.
270
What is the remainder when 8942 is divided by 7?
3
What is the remainder when 4654 is divided by 222?
214
What is the remainder when 901 is divided by 100?
1
What is the remainder when 370776 is divided by 746?
14
What is the remainder when 88370 is divided by 1299?
38
What is the remainder when 2567060 is divided by 7?
6
What is the remainder when 2114 is divided by 140?
14
Calculate the remainder when 72167 is divided by 194.
193
Calculate the remainder when 1900939 is divided by 516.
511
Calculate the remainder when 73333 is divided by 71.
61
What is the remainder when 10061 is divided by 526?
67
Calculate the remainder when 6929 is divided by 20.
9
What is the remainder when 25101 is divided by 7?
6
Calculate the remainder when 5931 is divided by 455.
16
Calculate the remainder when 4737 is divided by 223.
54
Calculate the remainder when 20283 is divided by 60.
3
What is the remainder when 4659545 is divided by 1418?
1415
What is the remainder when 3602 is divided by 75?
2
What is the remainder when 17823 is divided by 2227?
7
What is the remainder when 675076 is divided by 292?
264
What is the remainder when 449530 is divided by 853?
852
Calculate the remainder when 901578 is divided by 200.
178
Calculate the remainder when 4594 is divided by 49.
37
What is the remainder when 28464 is divided by 282?
264
Calculate the remainder when 18416 is divided by 548.
332
What is the remainder when 7047 is divided by 86?
81
Calculate the remainder when 9274 is divided by 4546.
182
Calculate the remainder when 12578 is divided by 61.
12
What is the remainder when 5190 is divided by 344?
30
What is the remainder when 2464873 is divided by 25?
23
What is the remainder when 4724 is divided by 4711?
13
What is the remainder when 163501 is divided by 58?
57
Calculate the remainder when 1636 is divided by 810.
16
Calculate the remainder when 84556 is divided by 16.
12
What is the remainder when 67820 is divided by 114?
104
What is the remainder when 284780 is divided by 349?
345
What is the remainder when 298106 is divided by 74517?
38
Calculate the remainder when 1355 is divided by 9.
5
What is the remainder when 308856 is divided by 38?
30
What is the remainder when 299 is divided by 141?
17
Calculate the remainder when 2216 is divided by 666.
218
What is the remainder when 2647 is divided by 166?
157
What is the remainder when 1288 is divided by 47?
19
Calculate the remainder when 1602383 is divided by 112.
111
What is the remainder when 36073 is divided by 12023?
4
What is the remainder when 25525 is divided by 475?
350
Calculate the remainder when 134400 is divided by 134380.
20
Calculate the remainder when 48343 is divided by 153.
148
What is the remainder when 116879 is divided by 283?
0
Calculate the remainder when 3483 is divided by 67.
66
Calculate the remainder when 431973 is divided by 1122.
3
Calculate the remainder when 428235 is divided by 37.
34
What is the remainder when 21607 is divided by 101?
94
What is the remainder when 125663 is divided by 2513?
13
What is the remainder when 6469 is divided by 2151?
16
What is the remainder when 2917 is divided by 136?
61
Calculate the remainder when 2866 is divided by 509.
321
What is the remainder when 7209 is divided by 66?
15
What is the remainder when 109914 is divided by 247?
246
Calculate the remainder when 64291 is divided by 39.
19
Calculate the remainder when 3079 is divided by 841.
556
What is the remainder when 9854 is divided by 845?
559
Calculate the remainder when 2838 is divided by 1155.
528
Calculate the remainder when 3285 is divided by 24.
21
Calculate the remainder when 13691 is divided by 408.
227
Calculate the remainder when 18654 is divided by 1328.
62
Calculate the remainder when 8278 is divided by 4138.
2
What is the remainder when 18545 is divided by 111?
8
What is the remainder when 8831 is divided by 152?
15
Calculate the remainder when 57824 is divided by 215.
204
What is the remainder when 544 is divided by 428?
116
What is the remainder when 2135308 is divided by 711767?
7
Calculate the remainder when 114457 is divided by 30.
7
Calculate the remainder when 7492 is divided by 645.
397
Calculate the remainder when 15292 is divided by 5090.
22
Calculate the remainder when 985 is divided by 694.
291
What is the remainder when 3077 is divided by 1485?
107
Calculate the remainder when 3664 is divided by